st common factor of 16 and 19.
1
What is the greatest common divisor of 297 and 54?
27
What is the highest common divisor of 1148 and 56?
28
Calculate the greatest common divisor of 96 and 36.
12
Calculate the greatest common factor of 154 and 28.
14
Calculate the greatest common divisor of 55567 and 307.
307
Calculate the highest common divisor of 54 and 270.
54
Calculate the highest common factor of 1 and 214.
1
Calculate the greatest common divisor of 114 and 171.
57
What is the highest common factor of 51 and 408?
51
What is the highest common factor of 74 and 3034?
74
What is the greatest common factor of 528 and 3888?
48
What is the greatest common divisor of 9 and 1773?
9
Calculate the highest common divisor of 834 and 18.
6
Calculate the greatest common factor of 13 and 3133.
13
What is the greatest common divisor of 16 and 3160?
8
What is the highest common divisor of 62 and 2542?
62
Calculate the highest common divisor of 684 and 24.
12
What is the highest common divisor of 473 and 88?
11
Calculate the highest common factor of 10 and 58.
2
What is the greatest common divisor of 20 and 1260?
20
Calculate the highest common divisor of 27632 and 176.
176
What is the highest common factor of 96 and 108?
12
Calculate the greatest common factor of 822 and 12.
6
What is the greatest common factor of 15 and 1?
1
Calculate the greatest common divisor of 793 and 117.
13
What is the greatest common divisor of 4872 and 29?
29
Calculate the greatest common factor of 741 and 156.
39
What is the greatest common factor of 263 and 3419?
263
What is the highest common divisor of 14 and 623?
7
Calculate the highest common divisor of 324 and 20817.
81
Calculate the greatest common divisor of 6260 and 120.
20
What is the greatest common factor of 6 and 11?
1
What is the highest common divisor of 9 and 8973?
9
What is the greatest common factor of 148 and 44?
4
Calculate the greatest common divisor of 6 and 345.
3
Calculate the highest common factor of 1071 and 11169.
153
Calculate the highest common divisor of 5550 and 150.
150
What is the highest common divisor of 207 and 92?
23
What is the greatest common factor of 297 and 396?
99
What is the highest common divisor of 5 and 4?
1
What is the highest common divisor of 87 and 29?
29
What is the highest common divisor of 363 and 33?
33
Calculate the greatest common divisor of 19 and 589.
19
Calculate the greatest common divisor of 45 and 1215.
45
What is the greatest common divisor of 24 and 3924?
12
Calculate the greatest common factor of 18 and 414.
18
Calculate the greatest common factor of 11009 and 109.
109
Calculate the highest common factor of 198 and 132.
66
Calculate the highest common factor of 35 and 28.
7
Calculate the highest common divisor of 54 and 594.
54
Calculate the greatest common factor of 4 and 136.
4
Calculate the highest common factor of 15285 and 15.
15
Calculate the highest common divisor of 18829 and 19.
19
Calculate the greatest common factor of 1755 and 945.
135
Calculate the highest common divisor of 29 and 493.
29
Calculate the highest common divisor of 8 and 472.
8
What is the highest common factor of 8575 and 105?
35
Calculate the greatest common divisor of 24 and 3472.
8
What is the greatest common divisor of 168 and 224?
56
What is the greatest common divisor of 4860 and 135?
135
What is the highest common divisor of 25768 and 8?
8
What is the greatest common factor of 82 and 287?
41
Calculate the greatest common divisor of 46 and 4117.
23
Calculate the highest common factor of 704 and 44.
44
What is the highest common factor of 46 and 391?
23
What is the greatest common divisor of 19 and 1?
1
Calculate the highest common divisor of 7 and 1.
1
What is the greatest common divisor of 2613 and 67?
67
Calculate the greatest common divisor of 61 and 244.
61
Calculate the highest common divisor of 96 and 84.
12
What is the greatest common divisor of 28 and 2450?
14
What is the greatest common factor of 1500 and 125?
125
What is the greatest common divisor of 1189 and 328?
41
What is the greatest common divisor of 37 and 125?
1
What is the greatest common factor of 3141 and 72?
9
Calculate the greatest common divisor of 14054 and 2.
2
What is the greatest common divisor of 11983 and 23?
23
What is the highest common factor of 169 and 13?
13
Calculate the greatest common divisor of 54 and 1206.
18
Calculate the greatest common factor of 17 and 51153.
17
What is the greatest common factor of 323 and 38?
19
Calculate the greatest common divisor of 64 and 8.
8
What is the highest common factor of 1610 and 15?
5
What is the highest common divisor of 25 and 100?
25
What is the greatest common divisor of 1284 and 12?
12
Calculate the greatest common factor of 66 and 198.
66
What is the greatest common divisor of 602 and 14?
14
What is the highest common divisor of 165 and 135?
15
Calculate the greatest common factor of 5957 and 23.
23
Calculate the greatest common divisor of 69 and 660.
3
What is the greatest common divisor of 151 and 5?
1
Calculate the highest common divisor of 68 and 986.
34
What is the highest common factor of 309 and 721?
103
Calculate the highest common divisor of 9328 and 352.
176
What is the highest common divisor of 1 and 251?
1
Calculate the highest common divisor of 410 and 5986.
82
What is the highest common factor of 1265 and 275?
55
Calculate the highest common factor of 7622 and 37.
37
What is the greatest common divisor of 12 and 332?
4
Calculate the highest common factor of 25788 and 14.
14
What is the highest common divisor of 20 and 5?
5
Calculate the highest common factor of 531 and 27.
9
What is the greatest common divisor of 5776 and 3040?
304
What is the highest common factor of 43 and 43?
43
What is the greatest common factor of 67 and 67?
67
Calculate the greatest common factor of 405 and 1125.
45
What is the greatest common factor of 21 and 36981?
21
What is the greatest common factor of 147 and 217?
7
What is the highest common factor of 533 and 943?
41
What is the greatest common factor of 612 and 2844?
36
What is the greatest common divisor of 240 and 1632?
48
Calculate the greatest common divisor of 44 and 2068.
44
What is the greatest common factor of 372 and 8?
4
What is the greatest common factor of 646 and 68?
34
Calculate the greatest common factor of 196 and 49.
49
What is the greatest common factor of 1443 and 111?
111
What is the highest common divisor of 136 and 663?
17
What is the highest common factor of 18 and 12636?
18
What is the greatest common divisor of 918 and 238?
34
What is the greatest common divisor of 29 and 9019?
29
Calculate the greatest common factor of 553 and 84.
7
What is the greatest common factor of 231 and 33?
33
What is the highest common divisor of 297 and 33?
33
Calculate the highest common factor of 559 and 26.
13
What is the highest common divisor of 216 and 30?
6
Calculate the highest common divisor of 22 and 99.
11
What is the highest common divisor of 360 and 140?
20
What is the highest common factor of 1971 and 73?
73
What is the greatest common factor of 70 and 238?
14
Calculate the greatest common divisor of 1440 and 600.
120
Calculate the greatest common divisor of 850 and 50.
50
Calculate the highest common divisor of 100 and 4.
4
Calculate the greatest common factor of 198 and 5104.
22
Calculate the greatest common divisor of 23 and 230.
23
Calculate the highest common divisor of 99 and 253.
11
Calculate the greatest common divisor of 4114 and 2541.
121
Calculate the highest common divisor of 600 and 1020.
60
What is the highest common divisor of 102 and 3740?
34
Calculate the greatest common factor of 655 and 262.
131
What is the highest common divisor of 21509 and 157?
157
Calculate the greatest common divisor of 354 and 1121.
59
What is the highest common factor of 162 and 1746?
18
Calculate the highest common factor of 16 and 88.
8
Calculate the greatest common factor of 39 and 4836.
39
Calculate the greatest common factor of 4841 and 188.
47
What is the highest common divisor of 212 and 57028?
212
Calculate the greatest common factor of 20 and 2260.
20
What is the highest common divisor of 80 and 3720?
40
What is the greatest common factor of 1536 and 1200?
48
What is the greatest comm